{"id":91,"date":"2025-02-16T19:30:43","date_gmt":"2025-02-16T19:30:43","guid":{"rendered":"https:\/\/new.yixue.se.hemsida.eu\/?page_id=91"},"modified":"2025-02-19T11:51:04","modified_gmt":"2025-02-19T11:51:04","slug":"kontakta-oss","status":"publish","type":"page","link":"https:\/\/yixue.se\/index.php\/kontakta-oss\/","title":{"rendered":"Kontakt"},"content":{"rendered":"\n<p>Vi ser fram emot att h\u00f6ra ifr\u00e5n dig!<\/p>\n\n\n\n<p><\/p>\n\n\n\n<div class=\"wp-block-media-text is-stacked-on-mobile\" style=\"grid-template-columns:15% auto\"><figure class=\"wp-block-media-text__media\"><img loading=\"lazy\" decoding=\"async\" width=\"181\" height=\"252\" src=\"https:\/\/new.yixue.se.hemsida.eu\/wp-content\/uploads\/2025\/02\/Veronica.png\" alt=\"\" class=\"wp-image-106 size-full\"\/><\/figure><div class=\"wp-block-media-text__content\">\n<p><strong>Veronica Lindeberg    |    079 340 70 48<\/strong><\/p>\n\n\n\n<p>Kontaktperson, allm\u00e4nna fr\u00e5gor om YiXue<\/p>\n\n\n\n<p>Tr\u00e4ningsledare, online tr\u00e4ningsgrupp<\/p>\n<\/div><\/div>\n\n\n\n<p><\/p>\n\n\n\n<div class=\"wp-block-media-text is-stacked-on-mobile\" style=\"grid-template-columns:15% auto\"><figure class=\"wp-block-media-text__media\"><img loading=\"lazy\" decoding=\"async\" width=\"480\" height=\"560\" src=\"https:\/\/new.yixue.se.hemsida.eu\/wp-content\/uploads\/2025\/02\/Jane.jpg\" alt=\"\" class=\"wp-image-107 size-full\" srcset=\"https:\/\/yixue.se\/wp-content\/uploads\/2025\/02\/Jane.jpg 480w, https:\/\/yixue.se\/wp-content\/uploads\/2025\/02\/Jane-257x300.jpg 257w\" sizes=\"auto, (max-width: 480px) 100vw, 480px\" \/><\/figure><div class=\"wp-block-media-text__content\">\n<p><strong>Jane Cimmerbeck    |    073 818 84 49<\/strong><\/p>\n\n\n\n<p>Kontaktperson, fysisk etablering i Sverige<\/p>\n\n\n\n<p>Digital kommunikat\u00f6r<\/p>\n<\/div><\/div>\n\n\n\n<div class=\"wp-block-media-text is-stacked-on-mobile\" style=\"grid-template-columns:15% auto\"><figure class=\"wp-block-media-text__media\"><img loading=\"lazy\" decoding=\"async\" width=\"211\" height=\"211\" src=\"https:\/\/yixue.se\/wp-content\/uploads\/2025\/02\/Ewa-1.jpg\" alt=\"\" class=\"wp-image-128 size-full\" srcset=\"https:\/\/yixue.se\/wp-content\/uploads\/2025\/02\/Ewa-1.jpg 211w, https:\/\/yixue.se\/wp-content\/uploads\/2025\/02\/Ewa-1-150x150.jpg 150w\" sizes=\"auto, (max-width: 211px) 100vw, 211px\" \/><\/figure><div class=\"wp-block-media-text__content\">\n<p><strong>Ewa Levau    |    070 736 01 68<\/strong><\/p>\n\n\n\n<p>Organisat\u00f6r<\/p>\n<\/div><\/div>\n\n\n\n<div class=\"wp-block-media-text is-stacked-on-mobile\" style=\"grid-template-columns:15% auto\"><figure class=\"wp-block-media-text__media\"><img loading=\"lazy\" decoding=\"async\" width=\"568\" height=\"750\" src=\"https:\/\/yixue.se\/wp-content\/uploads\/2025\/02\/irene.jpg\" alt=\"\" class=\"wp-image-241 size-full\" srcset=\"https:\/\/yixue.se\/wp-content\/uploads\/2025\/02\/irene.jpg 568w, https:\/\/yixue.se\/wp-content\/uploads\/2025\/02\/irene-227x300.jpg 227w\" sizes=\"auto, (max-width: 568px) 100vw, 568px\" \/><\/figure><div class=\"wp-block-media-text__content\">\n<p>I<strong>rene Lindquist    |    076 305 11 66<\/strong><\/p>\n\n\n\n<p>Svarar p\u00e5 generella fr\u00e5gor om tr\u00e4ning f\u00f6r seniorer<\/p>\n<\/div><\/div>\n\n\n\n<p><\/p>\n\n\n\n<h2 class=\"wp-block-heading\">Tr\u00e4ningsledare<\/h2>\n\n\n\n<div class=\"wp-block-media-text is-stacked-on-mobile\" style=\"grid-template-columns:15% auto\"><figure class=\"wp-block-media-text__media\"><img loading=\"lazy\" decoding=\"async\" width=\"1024\" height=\"1024\" src=\"https:\/\/yixue.se\/wp-content\/uploads\/2025\/02\/Lena-Viredius-profilbild-1-1024x1024.jpg\" alt=\"\" class=\"wp-image-139 size-full\" srcset=\"https:\/\/yixue.se\/wp-content\/uploads\/2025\/02\/Lena-Viredius-profilbild-1-1024x1024.jpg 1024w, https:\/\/yixue.se\/wp-content\/uploads\/2025\/02\/Lena-Viredius-profilbild-1-300x300.jpg 300w, https:\/\/yixue.se\/wp-content\/uploads\/2025\/02\/Lena-Viredius-profilbild-1-150x150.jpg 150w, https:\/\/yixue.se\/wp-content\/uploads\/2025\/02\/Lena-Viredius-profilbild-1-768x768.jpg 768w, https:\/\/yixue.se\/wp-content\/uploads\/2025\/02\/Lena-Viredius-profilbild-1-1536x1536.jpg 1536w, https:\/\/yixue.se\/wp-content\/uploads\/2025\/02\/Lena-Viredius-profilbild-1.jpg 2048w\" sizes=\"auto, (max-width: 1024px) 100vw, 1024px\" \/><\/figure><div class=\"wp-block-media-text__content\">\n<p><strong>Lena Viredius    |    073 042 74 20<\/strong><\/p>\n\n\n\n<p>Leder tr\u00e4ningsgrupp i Ravlunda gamla skola. <\/p>\n<\/div><\/div>\n\n\n\n<div class=\"wp-block-media-text is-stacked-on-mobile\" style=\"grid-template-columns:15% auto\"><figure class=\"wp-block-media-text__media\"><img loading=\"lazy\" decoding=\"async\" width=\"398\" height=\"572\" src=\"https:\/\/yixue.se\/wp-content\/uploads\/2025\/02\/Kristina-Fasth.jpg\" alt=\"\" class=\"wp-image-243 size-full\" srcset=\"https:\/\/yixue.se\/wp-content\/uploads\/2025\/02\/Kristina-Fasth.jpg 398w, https:\/\/yixue.se\/wp-content\/uploads\/2025\/02\/Kristina-Fasth-209x300.jpg 209w\" sizes=\"auto, (max-width: 398px) 100vw, 398px\" \/><\/figure><div class=\"wp-block-media-text__content\">\n<p><strong>Kristina Fasth    |    073 151 18 40<\/strong><\/p>\n\n\n\n<p>Leder tr\u00e4ningsgrupp i Ulricehamn<\/p>\n<\/div><\/div>\n\n\n\n<h2 class=\"wp-block-heading\">Nyhetsbrev<\/h2>\n\n\n\n<p>Vi skickar ut nyhetsbrev ungef\u00e4r en g\u00e5ng i m\u00e5naden, med information om b\u00e5de svenska och internationella aktiviteter. <\/p>\n\n\n\n<p class=\"has-text-align-center\"><a href=\"https:\/\/yixue.us13.list-manage.com\/subscribe?u=fcc3f81f6091981771a765171&amp;id=73aff0fe47\">ANM\u00c4LAN TILL NYHETSBREV<\/a><\/p>\n\n\n\n<figure class=\"wp-block-image size-full\"><img loading=\"lazy\" decoding=\"async\" width=\"918\" height=\"153\" src=\"https:\/\/yixue.se\/wp-content\/uploads\/2025\/02\/Lotus-News-logga.png\" alt=\"\" class=\"wp-image-96\" srcset=\"https:\/\/yixue.se\/wp-content\/uploads\/2025\/02\/Lotus-News-logga.png 918w, https:\/\/yixue.se\/wp-content\/uploads\/2025\/02\/Lotus-News-logga-300x50.png 300w, https:\/\/yixue.se\/wp-content\/uploads\/2025\/02\/Lotus-News-logga-768x128.png 768w\" sizes=\"auto, (max-width: 918px) 100vw, 918px\" \/><\/figure>\n\n\n\n<h2 class=\"wp-block-heading\">F\u00f6lj oss p\u00e5 Facebook<\/h2>\n\n\n\n<div class=\"wp-block-media-text is-stacked-on-mobile\" style=\"grid-template-columns:15% auto\"><figure class=\"wp-block-media-text__media\"><img loading=\"lazy\" decoding=\"async\" width=\"204\" height=\"192\" src=\"https:\/\/new.yixue.se.hemsida.eu\/wp-content\/uploads\/2025\/02\/facebook-logga-ren.png\" alt=\"\" class=\"wp-image-98 size-full\"\/><\/figure><div class=\"wp-block-media-text__content\">\n<p>F\u00f6lj oss p\u00e5 Facebook f\u00f6r att h\u00e5lla dig mera uppdaterad p\u00e5 evenemang och andra aktiviteter!<\/p>\n\n\n\n<p><a href=\"https:\/\/www.facebook.com\/yixuesverige\">F\u00d6LJ OSS P\u00c5 FACEBOOK<\/a><\/p>\n<\/div><\/div>\n\n\n\n<h2 class=\"wp-block-heading\"><\/h2>\n\n\n\n<h2 class=\"wp-block-heading\">V\u00e5r styrelse<\/h2>\n\n\n\n<ul class=\"wp-block-list\">\n<li>Ordf\u00f6rande | Sifu Wei Ling Yi<\/li>\n\n\n\n<li>Kass\u00f6r | Veronica Lindeberg<\/li>\n\n\n\n<li>Sekreterare | Ewa Levau<\/li>\n\n\n\n<li>Revisor | Irene Lindqvist<\/li>\n<\/ul>\n\n\n\n<h2 class=\"wp-block-heading\">Ge en g\u00e5va<\/h2>\n\n\n\n<h3 class=\"wp-block-heading\">Varje g\u00e5va g\u00f6r skillnad! <\/h3>\n\n\n\n<div class=\"wp-block-media-text is-stacked-on-mobile\" style=\"grid-template-columns:17% auto\"><figure class=\"wp-block-media-text__media\"><img loading=\"lazy\" decoding=\"async\" width=\"513\" height=\"579\" src=\"https:\/\/yixue.se\/wp-content\/uploads\/2025\/02\/swish-qr-kod.png\" alt=\"\" class=\"wp-image-269 size-full\" srcset=\"https:\/\/yixue.se\/wp-content\/uploads\/2025\/02\/swish-qr-kod.png 513w, https:\/\/yixue.se\/wp-content\/uploads\/2025\/02\/swish-qr-kod-266x300.png 266w\" sizes=\"auto, (max-width: 513px) 100vw, 513px\" \/><\/figure><div class=\"wp-block-media-text__content\">\n<p>Swishnummer<\/p>\n\n\n\n<p>123 023 66 20<\/p>\n<\/div><\/div>\n\n\n\n<p><\/p>\n","protected":false},"excerpt":{"rendered":"<p>Vi ser fram emot att h\u00f6ra ifr\u00e5n dig! Veronica Lindeberg | 079 340 70 48 Kontaktperson, allm\u00e4nna fr\u00e5gor om YiXue Tr\u00e4ningsledare, online tr\u00e4ningsgrupp Jane Cimmerbeck | 073 818 84 49 Kontaktperson, fysisk etablering i Sverige Digital kommunikat\u00f6r Ewa Levau | 070 736 01 68 Organisat\u00f6r Irene Lindquist | 076 305 11 66 Svarar p\u00e5 generella [&hellip;]<\/p>\n","protected":false},"author":1,"featured_media":0,"parent":0,"menu_order":0,"comment_status":"closed","ping_status":"closed","template":"","meta":{"footnotes":""},"class_list":["post-91","page","type-page","status-publish","hentry"],"_links":{"self":[{"href":"https:\/\/yixue.se\/index.php\/wp-json\/wp\/v2\/pages\/91","targetHints":{"allow":["GET"]}}],"collection":[{"href":"https:\/\/yixue.se\/index.php\/wp-json\/wp\/v2\/pages"}],"about":[{"href":"https:\/\/yixue.se\/index.php\/wp-json\/wp\/v2\/types\/page"}],"author":[{"embeddable":true,"href":"https:\/\/yixue.se\/index.php\/wp-json\/wp\/v2\/users\/1"}],"replies":[{"embeddable":true,"href":"https:\/\/yixue.se\/index.php\/wp-json\/wp\/v2\/comments?post=91"}],"version-history":[{"count":23,"href":"https:\/\/yixue.se\/index.php\/wp-json\/wp\/v2\/pages\/91\/revisions"}],"predecessor-version":[{"id":270,"href":"https:\/\/yixue.se\/index.php\/wp-json\/wp\/v2\/pages\/91\/revisions\/270"}],"wp:attachment":[{"href":"https:\/\/yixue.se\/index.php\/wp-json\/wp\/v2\/media?parent=91"}],"curies":[{"name":"wp","href":"https:\/\/api.w.org\/{rel}","templated":true}]}}