{"id":45,"date":"2025-02-16T19:08:21","date_gmt":"2025-02-16T19:08:21","guid":{"rendered":"https:\/\/new.yixue.se.hemsida.eu\/?page_id=45"},"modified":"2025-02-19T12:23:46","modified_gmt":"2025-02-19T12:23:46","slug":"forskning","status":"publish","type":"page","link":"https:\/\/yixue.se\/index.php\/forskning\/","title":{"rendered":"Forskning"},"content":{"rendered":"\n<p>YiXue bedriver egen forskning och deltar i olika internationella forskningsprojekt i samarbete med skolor, universitet, departement och andra ideella akt\u00f6rer.<\/p>\n\n\n\n<p>Den 16 december 2024 grundades ocks\u00e5 \u00e4ntligen YiXues eget forskningsinstitut!<\/p>\n\n\n\n<p><\/p>\n\n\n\n<h2 class=\"wp-block-heading\">YiXue Education Program (YEP)<\/h2>\n\n\n\n<p>En inledande l\u00e5ngtidsstudie vid Maltas universitet, finansierad av Maltas utbildningsdepartement, visar den \u00f6vergripande positiva effekten av YiXue-metoderna. <\/p>\n\n\n\n<div class=\"wp-block-media-text is-stacked-on-mobile\" style=\"grid-template-columns:41% auto\"><figure class=\"wp-block-media-text__media\"><img loading=\"lazy\" decoding=\"async\" width=\"956\" height=\"535\" src=\"https:\/\/yixue.se\/wp-content\/uploads\/2025\/02\/barn-hong-ba-ni.png\" alt=\"\" class=\"wp-image-205 size-full\" srcset=\"https:\/\/yixue.se\/wp-content\/uploads\/2025\/02\/barn-hong-ba-ni.png 956w, https:\/\/yixue.se\/wp-content\/uploads\/2025\/02\/barn-hong-ba-ni-300x168.png 300w, https:\/\/yixue.se\/wp-content\/uploads\/2025\/02\/barn-hong-ba-ni-768x430.png 768w\" sizes=\"auto, (max-width: 956px) 100vw, 956px\" \/><\/figure><div class=\"wp-block-media-text__content\">\n<p><strong>Metoden har visat sig ha en betydande inverkan p\u00e5 mottaglighet f\u00f6r l\u00e4rande, akademiska prestationer och skolresultat. <\/strong><\/p>\n<\/div><\/div>\n\n\n\n<p>B\u00e5de elever och l\u00e4rare upplever en betydande \u00f6kning i koncentration, mental och fysisk styrka samt avslappning, d\u00e5 de f\u00e5r en b\u00e4ttre k\u00e4nsla f\u00f6r sig sj\u00e4lva och sina medm\u00e4nniskor. Majoriteten av deltagarna i studien rapporterar ocks\u00e5  \u00f6kad sj\u00e4lvk\u00e4nsla, gl\u00e4dje och l\u00e4tthet.<\/p>\n\n\n\n<p>Studien visar att ungdomar som deltog i programmet f\u00f6rb\u00e4ttrade sin uppm\u00e4rksamhet, fick b\u00e4ttre kontroll \u00f6ver sina k\u00e4nslor och sina beteenden, \u00f6kade sin koncentrationsf\u00f6rm\u00e5ga och d\u00e4rigenom st\u00e4rkte sitt v\u00e4lbefinnande. <\/p>\n\n\n\n<p>Den statistiska analysen av deras provresultat st\u00f6djer uppfattningen, eftersom deltagarnas akademiska prestationer f\u00f6rb\u00e4ttrades avsev\u00e4rt efter deltagandet i seminarieserien. <\/p>\n\n\n\n<div class=\"wp-block-media-text is-stacked-on-mobile\" style=\"grid-template-columns:27% auto\"><figure class=\"wp-block-media-text__media\"><img loading=\"lazy\" decoding=\"async\" width=\"537\" height=\"534\" src=\"https:\/\/yixue.se\/wp-content\/uploads\/2025\/02\/COLLAGE-TESTIMONIALS-FAMILIES.png\" alt=\"\" class=\"wp-image-207 size-full\" srcset=\"https:\/\/yixue.se\/wp-content\/uploads\/2025\/02\/COLLAGE-TESTIMONIALS-FAMILIES.png 537w, https:\/\/yixue.se\/wp-content\/uploads\/2025\/02\/COLLAGE-TESTIMONIALS-FAMILIES-300x298.png 300w, https:\/\/yixue.se\/wp-content\/uploads\/2025\/02\/COLLAGE-TESTIMONIALS-FAMILIES-150x150.png 150w\" sizes=\"auto, (max-width: 537px) 100vw, 537px\" \/><\/figure><div class=\"wp-block-media-text__content\">\n<p>Deltagare och deras familjer har \u00e4ven rapporterat positiva effekter g\u00e4llande psykosomatiska sjukdomar s\u00e5som astma, allergier, \u00e4tst\u00f6rningar och sm\u00e4rta.<\/p>\n<\/div><\/div>\n\n\n\n<h2 class=\"wp-block-heading is-style-text-subtitle is-style-text-subtitle--1\">Neuropsykiatriska funktionshinder &#8211; NPF<\/h2>\n\n\n\n<p>F\u00f6rdelarna har visat sig vara omfattande, inte minst f\u00f6r barn med neuropsykiatriska funktionshinder. <\/p>\n\n\n\n<p><\/p>\n\n\n\n<div class=\"wp-block-media-text is-stacked-on-mobile\" style=\"grid-template-columns:30% auto\"><figure class=\"wp-block-media-text__media\"><img loading=\"lazy\" decoding=\"async\" width=\"513\" height=\"548\" src=\"https:\/\/yixue.se\/wp-content\/uploads\/2025\/02\/barn-mediterar.png\" alt=\"\" class=\"wp-image-190 size-full\" srcset=\"https:\/\/yixue.se\/wp-content\/uploads\/2025\/02\/barn-mediterar.png 513w, https:\/\/yixue.se\/wp-content\/uploads\/2025\/02\/barn-mediterar-281x300.png 281w\" sizes=\"auto, (max-width: 513px) 100vw, 513px\" \/><\/figure><div class=\"wp-block-media-text__content\">\n<p>When Children get a good education and teaching in addition to having access to their intuition and unrealized talents, they will become upright individuals and will be able to do great things.\u00b4<\/p>\n\n\n\n<p>&#8211; Wei Ling Yi-<\/p>\n<\/div><\/div>\n\n\n\n<h2 class=\"wp-block-heading is-style-text-subtitle is-style-text-subtitle--2\">Uttalanden fr\u00e5n The department of Counselling, University of Malta<\/h2>\n\n\n\n<p>&#8221;Elevernas akademiska prestationer f\u00f6rb\u00e4ttrades avsev\u00e4rt efter deltagandet YEP-seminarierna.&#8221;<\/p>\n\n\n\n<p>&#8221;Ungdomar som f\u00f6ljde YiXue utbildningsprogram f\u00f6rb\u00e4ttrade sin uppm\u00e4rksamhet.&#8221;<\/p>\n\n\n\n<p>&#8221;De hanterade sina beteenden p\u00e5 positiva s\u00e4tt.&#8221;<\/p>\n\n\n\n<p>&#8221;De fick mer kontroll \u00f6ver sina k\u00e4nslor.&#8221;<\/p>\n\n\n\n<h2 class=\"wp-block-heading\"><\/h2>\n\n\n\n<figure class=\"wp-block-gallery has-nested-images columns-default is-cropped wp-block-gallery-3 is-layout-flex wp-block-gallery-is-layout-flex\">\n<figure class=\"wp-block-image size-large\"><img loading=\"lazy\" decoding=\"async\" width=\"897\" height=\"412\" data-id=\"249\" src=\"https:\/\/yixue.se\/wp-content\/uploads\/2025\/02\/Malta-Hu-Ming-Zi-ovning.png\" alt=\"\" class=\"wp-image-249\" srcset=\"https:\/\/yixue.se\/wp-content\/uploads\/2025\/02\/Malta-Hu-Ming-Zi-ovning.png 897w, https:\/\/yixue.se\/wp-content\/uploads\/2025\/02\/Malta-Hu-Ming-Zi-ovning-300x138.png 300w, https:\/\/yixue.se\/wp-content\/uploads\/2025\/02\/Malta-Hu-Ming-Zi-ovning-768x353.png 768w\" sizes=\"auto, (max-width: 897px) 100vw, 897px\" \/><\/figure>\n\n\n\n<figure class=\"wp-block-image size-large\"><img loading=\"lazy\" decoding=\"async\" width=\"895\" height=\"406\" data-id=\"250\" src=\"https:\/\/yixue.se\/wp-content\/uploads\/2025\/02\/Malta-Josette-ovningar.png\" alt=\"\" class=\"wp-image-250\" srcset=\"https:\/\/yixue.se\/wp-content\/uploads\/2025\/02\/Malta-Josette-ovningar.png 895w, https:\/\/yixue.se\/wp-content\/uploads\/2025\/02\/Malta-Josette-ovningar-300x136.png 300w, https:\/\/yixue.se\/wp-content\/uploads\/2025\/02\/Malta-Josette-ovningar-768x348.png 768w\" sizes=\"auto, (max-width: 895px) 100vw, 895px\" \/><\/figure>\n\n\n\n<figure class=\"wp-block-image size-large\"><img loading=\"lazy\" decoding=\"async\" width=\"893\" height=\"559\" data-id=\"251\" src=\"https:\/\/yixue.se\/wp-content\/uploads\/2025\/02\/Malta-meditation.png\" alt=\"\" class=\"wp-image-251\" srcset=\"https:\/\/yixue.se\/wp-content\/uploads\/2025\/02\/Malta-meditation.png 893w, https:\/\/yixue.se\/wp-content\/uploads\/2025\/02\/Malta-meditation-300x188.png 300w, https:\/\/yixue.se\/wp-content\/uploads\/2025\/02\/Malta-meditation-768x481.png 768w\" sizes=\"auto, (max-width: 893px) 100vw, 893px\" \/><\/figure>\n<\/figure>\n\n\n\n<h2 class=\"wp-block-heading\">L\u00e4nk till forskningsrapporten<\/h2>\n\n\n\n<p>Informationen i det h\u00e4r avsnittet bygger p\u00e5 forskningsrapporten &#8221;Evaluating the YiXue Educational Programme (YEP) \u2013 Listening to Voices of Different Stakeholders: A Case-Study Approach&#8221;, Malta 2016.<\/p>\n\n\n\n<p>H\u00e4r finns en l\u00e4nk till rapporten, som kan l\u00e4sas online, laddas ner eller skrivas ut. <\/p>\n\n\n\n<p><a href=\"https:\/\/yixue.de\/wp-content\/uploads\/2025\/02\/YEP_REPORT.pdf\">FORSKNINGSRAPPORT YEP<\/a><\/p>\n\n\n\n<figure class=\"wp-block-image size-large\"><img loading=\"lazy\" decoding=\"async\" width=\"1024\" height=\"576\" src=\"https:\/\/yixue.se\/wp-content\/uploads\/2025\/02\/Lek-vid-havet-Simrishamn-1-1024x576.jpg\" alt=\"\" class=\"wp-image-255\" srcset=\"https:\/\/yixue.se\/wp-content\/uploads\/2025\/02\/Lek-vid-havet-Simrishamn-1-1024x576.jpg 1024w, https:\/\/yixue.se\/wp-content\/uploads\/2025\/02\/Lek-vid-havet-Simrishamn-1-300x169.jpg 300w, https:\/\/yixue.se\/wp-content\/uploads\/2025\/02\/Lek-vid-havet-Simrishamn-1-768x432.jpg 768w, https:\/\/yixue.se\/wp-content\/uploads\/2025\/02\/Lek-vid-havet-Simrishamn-1-1536x864.jpg 1536w, https:\/\/yixue.se\/wp-content\/uploads\/2025\/02\/Lek-vid-havet-Simrishamn-1.jpg 2048w\" sizes=\"auto, (max-width: 1024px) 100vw, 1024px\" \/><figcaption class=\"wp-element-caption\">\u00d6vning vid havet, Simrishamn september 2024<\/figcaption><\/figure>\n\n\n\n<p><\/p>\n","protected":false},"excerpt":{"rendered":"<p>YiXue bedriver egen forskning och deltar i olika internationella forskningsprojekt i samarbete med skolor, universitet, departement och andra ideella akt\u00f6rer. Den 16 december 2024 grundades ocks\u00e5 \u00e4ntligen YiXues eget forskningsinstitut! YiXue Education Program (YEP) En inledande l\u00e5ngtidsstudie vid Maltas universitet, finansierad av Maltas utbildningsdepartement, visar den \u00f6vergripande positiva effekten av YiXue-metoderna. Metoden har visat sig [&hellip;]<\/p>\n","protected":false},"author":1,"featured_media":0,"parent":0,"menu_order":0,"comment_status":"closed","ping_status":"closed","template":"","meta":{"footnotes":""},"class_list":["post-45","page","type-page","status-publish","hentry"],"_links":{"self":[{"href":"https:\/\/yixue.se\/index.php\/wp-json\/wp\/v2\/pages\/45","targetHints":{"allow":["GET"]}}],"collection":[{"href":"https:\/\/yixue.se\/index.php\/wp-json\/wp\/v2\/pages"}],"about":[{"href":"https:\/\/yixue.se\/index.php\/wp-json\/wp\/v2\/types\/page"}],"author":[{"embeddable":true,"href":"https:\/\/yixue.se\/index.php\/wp-json\/wp\/v2\/users\/1"}],"replies":[{"embeddable":true,"href":"https:\/\/yixue.se\/index.php\/wp-json\/wp\/v2\/comments?post=45"}],"version-history":[{"count":19,"href":"https:\/\/yixue.se\/index.php\/wp-json\/wp\/v2\/pages\/45\/revisions"}],"predecessor-version":[{"id":275,"href":"https:\/\/yixue.se\/index.php\/wp-json\/wp\/v2\/pages\/45\/revisions\/275"}],"wp:attachment":[{"href":"https:\/\/yixue.se\/index.php\/wp-json\/wp\/v2\/media?parent=45"}],"curies":[{"name":"wp","href":"https:\/\/api.w.org\/{rel}","templated":true}]}}