{"id":14,"date":"2025-02-16T18:16:48","date_gmt":"2025-02-16T18:16:48","guid":{"rendered":"https:\/\/new.yixue.se.hemsida.eu\/?page_id=14"},"modified":"2025-02-19T11:53:19","modified_gmt":"2025-02-19T11:53:19","slug":"om-oss","status":"publish","type":"page","link":"https:\/\/yixue.se\/index.php\/om-oss\/","title":{"rendered":"Om oss"},"content":{"rendered":"\n<figure class=\"wp-block-image size-full\"><img loading=\"lazy\" decoding=\"async\" width=\"934\" height=\"237\" src=\"https:\/\/new.yixue.se.hemsida.eu\/wp-content\/uploads\/2025\/02\/Logga-geomskinlig-1.png\" alt=\"\" class=\"wp-image-16\" srcset=\"https:\/\/yixue.se\/wp-content\/uploads\/2025\/02\/Logga-geomskinlig-1.png 934w, https:\/\/yixue.se\/wp-content\/uploads\/2025\/02\/Logga-geomskinlig-1-300x76.png 300w, https:\/\/yixue.se\/wp-content\/uploads\/2025\/02\/Logga-geomskinlig-1-768x195.png 768w\" sizes=\"auto, (max-width: 934px) 100vw, 934px\" \/><\/figure>\n\n\n\n<p class=\"has-text-align-left\"><strong> <\/strong><\/p>\n\n\n\n<p>YiXue \u00e4r en ideell organisation som \u00e4r politiskt och religi\u00f6st obunden. Vi arbetar f\u00f6r balans mellan m\u00e4nniska, natur och kultur. <\/p>\n\n\n\n<p>Vi har ett brett utbud! V\u00e5ra aktiviteter str\u00e4cker sig fr\u00e5n meditation, dans, musik och konst till Kung Fu! Vi l\u00e4r oss bland annat \u00f6vningar som har en positiv inverkan p\u00e5 v\u00e5r cirkulation och v\u00e5ra akupunkturpunkter. M\u00e5let \u00e4r att ta v\u00e5r h\u00e4lsa i v\u00e5ra egna h\u00e4nder.<\/p>\n\n\n\n<p>F\u00f6reningen har varit aktiv i Sverige i cirka 25 \u00e5r. Vi erbjuder kontinuerligt seminarier och f\u00f6rel\u00e4sningar p\u00e5 dessa teman och h\u00e5ller tr\u00e4ningsgrupper b\u00e5de online och p\u00e5 plats. Alla, i alla \u00e5ldrar, \u00e4r hj\u00e4rtligt v\u00e4lkomna! All v\u00e5r tr\u00e4ning \u00e4r gratis och erbjuds p\u00e5 ideell basis.<\/p>\n\n\n\n<p><\/p>\n\n\n\n<h2 class=\"wp-block-heading\">YiXue Internationellt<\/h2>\n\n\n\n<p>YiXue finns representerade i m\u00e5nga olika l\u00e4nder. Huvuds\u00e4tet ligger i Tyskland och d\u00e4r finns \u00e4ven tv\u00e5 kurscenter. Ett i Nossen utanf\u00f6r Dresden och ett i Beelitz strax utanf\u00f6r Berlin. Till centrat i Nossen kan man \u00e5ka f\u00f6r att koppla av, meditera, f\u00f6rdjupa sig i YiXue och l\u00e4ra sig verktyg f\u00f6r att f\u00f6rb\u00e4ttra sin h\u00e4lsa.<\/p>\n\n\n\n<div class=\"wp-block-media-text is-stacked-on-mobile\"><figure class=\"wp-block-media-text__media\"><img loading=\"lazy\" decoding=\"async\" width=\"436\" height=\"298\" src=\"https:\/\/new.yixue.se.hemsida.eu\/wp-content\/uploads\/2025\/02\/Eu-bidrag-brandenburg.png\" alt=\"\" class=\"wp-image-24 size-full\" srcset=\"https:\/\/yixue.se\/wp-content\/uploads\/2025\/02\/Eu-bidrag-brandenburg.png 436w, https:\/\/yixue.se\/wp-content\/uploads\/2025\/02\/Eu-bidrag-brandenburg-300x205.png 300w\" sizes=\"auto, (max-width: 436px) 100vw, 436px\" \/><\/figure><div class=\"wp-block-media-text__content\">\n<p>Med hj\u00e4lp av EU-bidrag och donationer fr\u00e5n ut\u00f6vare f\u00e4rdigst\u00e4lls nu det stora centrat utanf\u00f6r Berlin. Centret planeras \u00f6ppna i september 2025 och kommer vara YiXues st\u00f6rsta arrangemang under \u00e5ret, med bes\u00f6kare fr\u00e5n hela v\u00e4rlden.<\/p>\n<\/div><\/div>\n\n\n\n<h2 class=\"wp-block-heading\">YiXues grundare Wei Ling Yi<\/h2>\n\n\n\n<p>YiXues grundare, Wei Ling Yi bor och arbetar i Tyskland sedan 30 \u00e5r. Med stor entusiasm, v\u00e4rme och humor delar han med sig av kunskap och metoder till alla intresserade.<\/p>\n\n\n\n<div class=\"wp-block-media-text is-stacked-on-mobile\" style=\"grid-template-columns:43% auto\"><figure class=\"wp-block-media-text__media\"><img loading=\"lazy\" decoding=\"async\" width=\"1024\" height=\"729\" src=\"https:\/\/yixue.se\/wp-content\/uploads\/2025\/02\/Sifu-mediterar-med-scarf-1-1024x729.jpg\" alt=\"\" class=\"wp-image-169 size-full\" srcset=\"https:\/\/yixue.se\/wp-content\/uploads\/2025\/02\/Sifu-mediterar-med-scarf-1-1024x729.jpg 1024w, https:\/\/yixue.se\/wp-content\/uploads\/2025\/02\/Sifu-mediterar-med-scarf-1-300x213.jpg 300w, https:\/\/yixue.se\/wp-content\/uploads\/2025\/02\/Sifu-mediterar-med-scarf-1-768x547.jpg 768w, https:\/\/yixue.se\/wp-content\/uploads\/2025\/02\/Sifu-mediterar-med-scarf-1-1536x1093.jpg 1536w, https:\/\/yixue.se\/wp-content\/uploads\/2025\/02\/Sifu-mediterar-med-scarf-1-2048x1457.jpg 2048w\" sizes=\"auto, (max-width: 1024px) 100vw, 1024px\" \/><\/figure><div class=\"wp-block-media-text__content\">\n<p>\u00c5r 1993 grundade Wei Ling Yi det f\u00f6rsta internationella Qi Gong-universitetet i Kina, d\u00e4r han ocks\u00e5 var rektor. Han valdes  av The World Qigong Head Office Association till ordf\u00f6rande, och har sedan 1995 undervisat i v\u00e4st.<\/p>\n<\/div><\/div>\n\n\n\n<p>Wei Ling Yi har gjort betydande bidrag till utbytet mellan \u00f6sterl\u00e4ndsk kunskap och v\u00e4sterl\u00e4ndsk vetenskap, och arbetet forts\u00e4tter. <\/p>\n\n\n\n<figure class=\"wp-block-gallery has-nested-images columns-default is-cropped wp-block-gallery-1 is-layout-flex wp-block-gallery-is-layout-flex\">\n<figure class=\"wp-block-image size-large\"><img loading=\"lazy\" decoding=\"async\" width=\"795\" height=\"744\" data-id=\"180\" src=\"https:\/\/yixue.se\/wp-content\/uploads\/2025\/02\/bagwan-4-1.png\" alt=\"\" class=\"wp-image-180\" srcset=\"https:\/\/yixue.se\/wp-content\/uploads\/2025\/02\/bagwan-4-1.png 795w, https:\/\/yixue.se\/wp-content\/uploads\/2025\/02\/bagwan-4-1-300x281.png 300w, https:\/\/yixue.se\/wp-content\/uploads\/2025\/02\/bagwan-4-1-768x719.png 768w\" sizes=\"auto, (max-width: 795px) 100vw, 795px\" \/><\/figure>\n\n\n\n<figure class=\"wp-block-image size-large\"><img loading=\"lazy\" decoding=\"async\" width=\"334\" height=\"265\" data-id=\"178\" src=\"https:\/\/yixue.se\/wp-content\/uploads\/2025\/02\/barn-kung-fu-1.png\" alt=\"\" class=\"wp-image-178\" srcset=\"https:\/\/yixue.se\/wp-content\/uploads\/2025\/02\/barn-kung-fu-1.png 334w, https:\/\/yixue.se\/wp-content\/uploads\/2025\/02\/barn-kung-fu-1-300x238.png 300w\" sizes=\"auto, (max-width: 334px) 100vw, 334px\" \/><\/figure>\n\n\n\n<figure class=\"wp-block-image size-large\"><img loading=\"lazy\" decoding=\"async\" width=\"1024\" height=\"463\" data-id=\"179\" src=\"https:\/\/yixue.se\/wp-content\/uploads\/2025\/02\/Bild-Borg-1024x463.jpg\" alt=\"\" class=\"wp-image-179\" srcset=\"https:\/\/yixue.se\/wp-content\/uploads\/2025\/02\/Bild-Borg-1024x463.jpg 1024w, https:\/\/yixue.se\/wp-content\/uploads\/2025\/02\/Bild-Borg-300x136.jpg 300w, https:\/\/yixue.se\/wp-content\/uploads\/2025\/02\/Bild-Borg-768x347.jpg 768w, https:\/\/yixue.se\/wp-content\/uploads\/2025\/02\/Bild-Borg.jpg 1280w\" sizes=\"auto, (max-width: 1024px) 100vw, 1024px\" \/><\/figure>\n\n\n\n<figure class=\"wp-block-image size-large\"><img loading=\"lazy\" decoding=\"async\" width=\"358\" height=\"640\" data-id=\"176\" src=\"https:\/\/yixue.se\/wp-content\/uploads\/2025\/02\/Bild-Sifu-Vita-lotusar-2.jpeg\" alt=\"\" class=\"wp-image-176\" srcset=\"https:\/\/yixue.se\/wp-content\/uploads\/2025\/02\/Bild-Sifu-Vita-lotusar-2.jpeg 358w, https:\/\/yixue.se\/wp-content\/uploads\/2025\/02\/Bild-Sifu-Vita-lotusar-2-168x300.jpeg 168w\" sizes=\"auto, (max-width: 358px) 100vw, 358px\" \/><\/figure>\n\n\n\n<figure class=\"wp-block-image size-large\"><img loading=\"lazy\" decoding=\"async\" width=\"746\" height=\"1024\" data-id=\"89\" src=\"https:\/\/yixue.se\/wp-content\/uploads\/2025\/02\/fabonacci-746x1024.jpeg\" alt=\"\" class=\"wp-image-89\" srcset=\"https:\/\/yixue.se\/wp-content\/uploads\/2025\/02\/fabonacci-746x1024.jpeg 746w, https:\/\/yixue.se\/wp-content\/uploads\/2025\/02\/fabonacci-219x300.jpeg 219w, https:\/\/yixue.se\/wp-content\/uploads\/2025\/02\/fabonacci-768x1054.jpeg 768w, https:\/\/yixue.se\/wp-content\/uploads\/2025\/02\/fabonacci-1120x1536.jpeg 1120w, https:\/\/yixue.se\/wp-content\/uploads\/2025\/02\/fabonacci-1493x2048.jpeg 1493w, https:\/\/yixue.se\/wp-content\/uploads\/2025\/02\/fabonacci-scaled.jpeg 1866w\" sizes=\"auto, (max-width: 746px) 100vw, 746px\" \/><\/figure>\n\n\n\n<figure class=\"wp-block-image size-large\"><img loading=\"lazy\" decoding=\"async\" width=\"1024\" height=\"663\" data-id=\"181\" src=\"https:\/\/yixue.se\/wp-content\/uploads\/2025\/02\/Sifu-ale-stenar-1-1024x663.jpg\" alt=\"\" class=\"wp-image-181\" srcset=\"https:\/\/yixue.se\/wp-content\/uploads\/2025\/02\/Sifu-ale-stenar-1-1024x663.jpg 1024w, https:\/\/yixue.se\/wp-content\/uploads\/2025\/02\/Sifu-ale-stenar-1-300x194.jpg 300w, https:\/\/yixue.se\/wp-content\/uploads\/2025\/02\/Sifu-ale-stenar-1-768x497.jpg 768w, https:\/\/yixue.se\/wp-content\/uploads\/2025\/02\/Sifu-ale-stenar-1-1536x994.jpg 1536w, https:\/\/yixue.se\/wp-content\/uploads\/2025\/02\/Sifu-ale-stenar-1-2048x1326.jpg 2048w\" sizes=\"auto, (max-width: 1024px) 100vw, 1024px\" \/><\/figure>\n\n\n\n<figure class=\"wp-block-image size-large\"><img loading=\"lazy\" decoding=\"async\" width=\"1024\" height=\"778\" data-id=\"183\" src=\"https:\/\/yixue.se\/wp-content\/uploads\/2025\/02\/Universal-man-1024x778.jpg\" alt=\"\" class=\"wp-image-183\" srcset=\"https:\/\/yixue.se\/wp-content\/uploads\/2025\/02\/Universal-man-1024x778.jpg 1024w, https:\/\/yixue.se\/wp-content\/uploads\/2025\/02\/Universal-man-300x228.jpg 300w, https:\/\/yixue.se\/wp-content\/uploads\/2025\/02\/Universal-man-768x584.jpg 768w, https:\/\/yixue.se\/wp-content\/uploads\/2025\/02\/Universal-man-1536x1167.jpg 1536w, https:\/\/yixue.se\/wp-content\/uploads\/2025\/02\/Universal-man-2048x1556.jpg 2048w\" sizes=\"auto, (max-width: 1024px) 100vw, 1024px\" \/><\/figure>\n\n\n\n<figure class=\"wp-block-image size-large\"><img loading=\"lazy\" decoding=\"async\" width=\"1024\" height=\"519\" data-id=\"175\" src=\"https:\/\/yixue.se\/wp-content\/uploads\/2025\/02\/Vit-lotus-1-1024x519.jpg\" alt=\"\" class=\"wp-image-175\" srcset=\"https:\/\/yixue.se\/wp-content\/uploads\/2025\/02\/Vit-lotus-1-1024x519.jpg 1024w, https:\/\/yixue.se\/wp-content\/uploads\/2025\/02\/Vit-lotus-1-300x152.jpg 300w, https:\/\/yixue.se\/wp-content\/uploads\/2025\/02\/Vit-lotus-1-768x389.jpg 768w, https:\/\/yixue.se\/wp-content\/uploads\/2025\/02\/Vit-lotus-1-1536x779.jpg 1536w, https:\/\/yixue.se\/wp-content\/uploads\/2025\/02\/Vit-lotus-1.jpg 2048w\" sizes=\"auto, (max-width: 1024px) 100vw, 1024px\" \/><\/figure>\n\n\n\n<figure class=\"wp-block-image size-large\"><img loading=\"lazy\" decoding=\"async\" width=\"720\" height=\"720\" data-id=\"177\" src=\"https:\/\/yixue.se\/wp-content\/uploads\/2025\/02\/YiXue-logga-hemsida-1.jpg\" alt=\"\" class=\"wp-image-177\" srcset=\"https:\/\/yixue.se\/wp-content\/uploads\/2025\/02\/YiXue-logga-hemsida-1.jpg 720w, https:\/\/yixue.se\/wp-content\/uploads\/2025\/02\/YiXue-logga-hemsida-1-300x300.jpg 300w, https:\/\/yixue.se\/wp-content\/uploads\/2025\/02\/YiXue-logga-hemsida-1-150x150.jpg 150w\" sizes=\"auto, (max-width: 720px) 100vw, 720px\" \/><\/figure>\n<\/figure>\n\n\n\n<h2 class=\"wp-block-heading\">Stiftelser och fonder<\/h2>\n\n\n\n<p><\/p>\n\n\n\n<h3 class=\"wp-block-heading\"><strong>Wei Ling Yi Emergency and Disaster Relief Foundation<\/strong><\/h3>\n\n\n\n<p>Syftet med stiftelsen \u00e4r att ge humanit\u00e4rt bist\u00e5nd och st\u00f6d till beh\u00f6vande till f\u00f6ljd av till exempel naturkatastrofer, olyckor vid skada p\u00e5 infrastruktur samt krig. St\u00f6det har ingen politisk eller religi\u00f6s inriktning<\/p>\n\n\n\n<h3 class=\"wp-block-heading\"><\/h3>\n\n\n\n<h3 class=\"wp-block-heading\"><strong>Wei Ling Yi Lian Guang Lotus Light Foundation<\/strong><\/h3>\n\n\n\n<p>Syftet med stiftelsen \u00e4r att skapa en ekonomisk grund f\u00f6r YiXues verksamhet, att arbeta f\u00f6r f\u00f6rv\u00e4rv av lokaler samt att st\u00f6dja utvalda kulturinstitutioner. Stiftelsen har emottagit gener\u00f6sa EU-bidrag f\u00f6r sina \u00e4ndam\u00e5l. <\/p>\n\n\n\n<h2 class=\"wp-block-heading\">Ge en g\u00e5va<\/h2>\n\n\n\n<p>Varje bidrag g\u00f6r skillnad!<\/p>\n\n\n\n<div class=\"wp-block-media-text is-stacked-on-mobile\" style=\"grid-template-columns:17% auto\"><figure class=\"wp-block-media-text__media\"><img loading=\"lazy\" decoding=\"async\" width=\"513\" height=\"579\" src=\"https:\/\/yixue.se\/wp-content\/uploads\/2025\/02\/swish-qr-kod.png\" alt=\"\" class=\"wp-image-269 size-full\" srcset=\"https:\/\/yixue.se\/wp-content\/uploads\/2025\/02\/swish-qr-kod.png 513w, https:\/\/yixue.se\/wp-content\/uploads\/2025\/02\/swish-qr-kod-266x300.png 266w\" sizes=\"auto, (max-width: 513px) 100vw, 513px\" \/><\/figure><div class=\"wp-block-media-text__content\">\n<p>Swishnummer<\/p>\n\n\n\n<p>123 023 66 20<\/p>\n<\/div><\/div>\n\n\n\n<p><\/p>\n","protected":false},"excerpt":{"rendered":"<p>YiXue \u00e4r en ideell organisation som \u00e4r politiskt och religi\u00f6st obunden. Vi arbetar f\u00f6r balans mellan m\u00e4nniska, natur och kultur. Vi har ett brett utbud! V\u00e5ra aktiviteter str\u00e4cker sig fr\u00e5n meditation, dans, musik och konst till Kung Fu! Vi l\u00e4r oss bland annat \u00f6vningar som har en positiv inverkan p\u00e5 v\u00e5r cirkulation och v\u00e5ra akupunkturpunkter. [&hellip;]<\/p>\n","protected":false},"author":1,"featured_media":0,"parent":0,"menu_order":0,"comment_status":"closed","ping_status":"closed","template":"","meta":{"footnotes":""},"class_list":["post-14","page","type-page","status-publish","hentry"],"_links":{"self":[{"href":"https:\/\/yixue.se\/index.php\/wp-json\/wp\/v2\/pages\/14","targetHints":{"allow":["GET"]}}],"collection":[{"href":"https:\/\/yixue.se\/index.php\/wp-json\/wp\/v2\/pages"}],"about":[{"href":"https:\/\/yixue.se\/index.php\/wp-json\/wp\/v2\/types\/page"}],"author":[{"embeddable":true,"href":"https:\/\/yixue.se\/index.php\/wp-json\/wp\/v2\/users\/1"}],"replies":[{"embeddable":true,"href":"https:\/\/yixue.se\/index.php\/wp-json\/wp\/v2\/comments?post=14"}],"version-history":[{"count":26,"href":"https:\/\/yixue.se\/index.php\/wp-json\/wp\/v2\/pages\/14\/revisions"}],"predecessor-version":[{"id":273,"href":"https:\/\/yixue.se\/index.php\/wp-json\/wp\/v2\/pages\/14\/revisions\/273"}],"wp:attachment":[{"href":"https:\/\/yixue.se\/index.php\/wp-json\/wp\/v2\/media?parent=14"}],"curies":[{"name":"wp","href":"https:\/\/api.w.org\/{rel}","templated":true}]}}